{"id":386,"date":"2022-04-15T19:22:34","date_gmt":"2022-04-15T17:22:34","guid":{"rendered":"http:\/\/apedys35.org\/?page_id=386"},"modified":"2022-04-15T19:22:34","modified_gmt":"2022-04-15T17:22:34","slug":"brochure-a-destination-des-generalistes","status":"publish","type":"page","link":"https:\/\/apedys35.org\/index.php\/prise-en-charge-les-professionnels-de-sante-pour-quoi-faire\/brochure-a-destination-des-generalistes\/","title":{"rendered":"Brochure \u00e0 destination des\u00a0g\u00e9n\u00e9ralistes"},"content":{"rendered":"\n<p>Cette brochure a pour but d\u2019aider les m\u00e9decins de premi\u00e8re ligne (m\u00e9decin g\u00e9n\u00e9raliste, p\u00e9diatre, m\u00e9decin de PMI, m\u00e9decin scolaire) \u00e0 orienter le jeune enfant vers une des plateformes de coordination et d\u2019orientation pr\u00e9vues dans le cadre de la Strat\u00e9gie nationale autisme.<\/p>\n\n\n\n<p><a href=\"https:\/\/apedys35.org\/wp-content\/uploads\/2022\/04\/brochure-c3a0-destination-des-gc3a9nc3a9ralistes-.pdf\" data-type=\"URL\" data-id=\"https:\/\/apedys35.org\/wp-content\/uploads\/2022\/04\/brochure-c3a0-destination-des-gc3a9nc3a9ralistes-.pdf\" target=\"_blank\" rel=\"noreferrer noopener\">Brochure \u00e0 destination des g\u00e9n\u00e9raliste<\/a>s<\/p>\n","protected":false},"excerpt":{"rendered":"<p>Cette brochure a pour but d\u2019aider les m\u00e9decins de premi\u00e8re ligne (m\u00e9decin g\u00e9n\u00e9raliste, p\u00e9diatre, m\u00e9decin de PMI, m\u00e9decin scolaire) \u00e0 orienter le jeune enfant vers une des plateformes de coordination&hellip; <a class=\"more-link\" href=\"https:\/\/apedys35.org\/index.php\/prise-en-charge-les-professionnels-de-sante-pour-quoi-faire\/brochure-a-destination-des-generalistes\/\">Continue reading <span class=\"screen-reader-text\">Brochure \u00e0 destination des\u00a0g\u00e9n\u00e9ralistes<\/span><\/a><\/p>\n","protected":false},"author":1,"featured_media":0,"parent":356,"menu_order":9,"comment_status":"closed","ping_status":"closed","template":"","meta":{"footnotes":""},"class_list":["post-386","page","type-page","status-publish","hentry","entry"],"_links":{"self":[{"href":"https:\/\/apedys35.org\/index.php\/wp-json\/wp\/v2\/pages\/386","targetHints":{"allow":["GET"]}}],"collection":[{"href":"https:\/\/apedys35.org\/index.php\/wp-json\/wp\/v2\/pages"}],"about":[{"href":"https:\/\/apedys35.org\/index.php\/wp-json\/wp\/v2\/types\/page"}],"author":[{"embeddable":true,"href":"https:\/\/apedys35.org\/index.php\/wp-json\/wp\/v2\/users\/1"}],"replies":[{"embeddable":true,"href":"https:\/\/apedys35.org\/index.php\/wp-json\/wp\/v2\/comments?post=386"}],"version-history":[{"count":1,"href":"https:\/\/apedys35.org\/index.php\/wp-json\/wp\/v2\/pages\/386\/revisions"}],"predecessor-version":[{"id":387,"href":"https:\/\/apedys35.org\/index.php\/wp-json\/wp\/v2\/pages\/386\/revisions\/387"}],"up":[{"embeddable":true,"href":"https:\/\/apedys35.org\/index.php\/wp-json\/wp\/v2\/pages\/356"}],"wp:attachment":[{"href":"https:\/\/apedys35.org\/index.php\/wp-json\/wp\/v2\/media?parent=386"}],"curies":[{"name":"wp","href":"https:\/\/api.w.org\/{rel}","templated":true}]}}