{"id":372,"date":"2022-04-15T19:10:31","date_gmt":"2022-04-15T17:10:31","guid":{"rendered":"http:\/\/apedys35.org\/?page_id=372"},"modified":"2022-04-15T19:10:31","modified_gmt":"2022-04-15T17:10:31","slug":"prise-en-charge-le-psychologue-clinicien-et-le-neuropsychologue","status":"publish","type":"page","link":"https:\/\/apedys35.org\/index.php\/prise-en-charge-les-professionnels-de-sante-pour-quoi-faire\/prise-en-charge-le-psychologue-clinicien-et-le-neuropsychologue\/","title":{"rendered":"Prise en charge : Le psychologue clinicien et le neuropsychologue"},"content":{"rendered":"\n<p><strong>Le psychologue clinicien et le neuropsychologue<\/strong><br>L\u2019examen psychologique met en \u00e9vidence les fragilit\u00e9s, les limites ou les d\u00e9ficits, mais aussi les ressources internes et externes prot\u00e9g\u00e9es, points d\u2019appui pour travailler les compensations. L\u2019examen complet n\u00e9cessite plusieurs outils pour pratiquer une exploration compl\u00e8te du fonctionnement psychique : aspects cognitifs, composantes \u00e9motionnelles, relationnelles, registre de l\u2019imaginaire et de la personnalit\u00e9. Sa port\u00e9e d\u00e9borde le cadre de la seule question du QI.<br>C\u2019est une \u00e9tape indispensable pour \u00e9valuer le d\u00e9veloppement cognitif, \u00e9tablir un diff\u00e9rentiel, les composantes \u00e9motionnelles et les capacit\u00e9s cognitives. Cet examen fait l\u2019objet de compte-rendu oral avec les parents et le jeune lui-m\u00eame. Un compte-rendu de synth\u00e8se \u00e9crit fournit une interpr\u00e9tation de r\u00e9sultats pour une situation qui peut \u00eatre mobile, une description du fonctionnement global et des propositions d\u2019actions.<\/p>\n\n\n\n<p>Parole de neuropsychologue<\/p>\n\n\n\n<p><strong>Qu\u2019est-ce qu\u2019un psychologue ?<\/strong><br>Un psychologue est un professionnel qui a suivi une formation universitaire et, dans de nombreux cas, une formation personnelle. Ce qui n\u2019en fait pas un \u00eatre parfait, mais quelqu\u2019un de prudent ayant d\u00e9velopp\u00e9 de l\u2019empathie ni \u00ab professionnels de sant\u00e9 \u00bb ni \u00ab auxiliaires m\u00e9dicaux \u00bb, les psychologues forment une profession en soi, bien qu\u2019ils se distinguent entre eux par leurs champs d\u2019intervention et leurs \u00ab th\u00e9ories de r\u00e9f\u00e9rence \u00bb.<\/p>\n\n\n\n<p><strong>Qu\u2019est-ce que la neuropsychologie ?<\/strong><br>Discipline carrefour n\u00e9e principalement de l\u2019interaction entre la neurologie et la psychologie. Branche de la psychologie qui s\u2019int\u00e9resse \u00e0 l\u2019\u00e9tude des effets des l\u00e9sions c\u00e9r\u00e9brales sur les comportements, les \u00e9motions et les processus mentaux. La neuropsychologie concerne l\u2019\u00e9tude, le diagnostic et la prise en charge th\u00e9rapeutique des cons\u00e9quences des l\u00e9sions, dysfonctionnements ou atypies du fonctionnement c\u00e9r\u00e9bral, et des sympt\u00f4mes qui en r\u00e9sultent. La neuropsychologie est l\u2019\u00e9tude du fonctionnement c\u00e9r\u00e9bral.<\/p>\n\n\n\n<p><strong>Pourquoi consulter un psychologue sp\u00e9cialis\u00e9 en neuropsychologie ?<\/strong><br>Un Neuro- Psychologue peut \u00eatre amen\u00e9 \u00e0 :<\/p>\n\n\n\n<ul class=\"wp-block-list\"><li>faire un bilan de vos capacit\u00e9s et incapacit\u00e9s cognitives, telles que la m\u00e9moire, l\u2019attention et les fonctions ex\u00e9cutives. Il s\u2019agira aussi d\u2019appr\u00e9hender les difficult\u00e9s \u00e9motionnelles et comportementales<\/li><li>faire de la r\u00e9\u00e9ducation, de la stimulation de vos capacit\u00e9s c\u00e9r\u00e9brales et psychologiques, trouver des strat\u00e9gies de compensation \u00e0 vos difficult\u00e9s ; En individuel ou en groupe (selon le nombre de personnes int\u00e9ress\u00e9es)<\/li><li>vous soutenir et vous aider \u00e0 mieux comprendre les difficult\u00e9s du quotidien apr\u00e8s une l\u00e9sion c\u00e9r\u00e9brale ou dans le cadre d\u2019une maladie neurologique.<\/li><li>Le Neuro-Psychologue pourra \u00e9galement \u00eatre amen\u00e9 \u00e0 travailler avec le r\u00e9seau de sant\u00e9 et ainsi se mettre en lien avec les diff\u00e9rents professionnels pouvant vous aider.<\/li><\/ul>\n\n\n\n<p><strong>Pour qui ?<\/strong><\/p>\n\n\n\n<p>Les enfants<\/p>\n\n\n\n<ul class=\"wp-block-list\"><li>troubles des apprentissages<\/li><li>troubles du d\u00e9veloppement<\/li><li>hyperactivit\u00e9 et troubles de l\u2019attention pr\u00e9maturit\u00e9<\/li><li>s\u00e9quelles d\u2019empoisonnement, d\u2019anoxie<\/li><li>Infirmit\u00e9 motrice c\u00e9r\u00e9brale<\/li><li>traumatisme cr\u00e2nien de l\u2019enfant<\/li><li>pathologies c\u00e9r\u00e9brovasculaires chez l\u2019enfant<\/li><li>enc\u00e9phalopathies<\/li><li>\u00e9pileptologie<\/li><li>pr\u00e9cocit\u00e9, etc<\/li><\/ul>\n\n\n\n<p>Les adultes<\/p>\n\n\n\n<ul class=\"wp-block-list\"><li>Traumatisme cr\u00e2nien<\/li><li>Scl\u00e9rose en plaques<\/li><li>Accident Vasculaire<\/li><li>Tumeur c\u00e9r\u00e9brale<\/li><li>Enc\u00e9phalopathies<\/li><li>Anoxie c\u00e9r\u00e9brale<\/li><li>Vieillissement pathologique, etc<\/li><\/ul>\n\n\n\n<p>Mais aussi\u2026<br>Les familles ou proches de personnes ayant des l\u00e9sions c\u00e9r\u00e9brales afin de mieux comprendre les difficult\u00e9s du quotidien, de mieux appr\u00e9hender \u00ab un handicap invisible \u00bb.<\/p>\n","protected":false},"excerpt":{"rendered":"<p>Le psychologue clinicien et le neuropsychologueL\u2019examen psychologique met en \u00e9vidence les fragilit\u00e9s, les limites ou les d\u00e9ficits, mais aussi les ressources internes et externes prot\u00e9g\u00e9es, points d\u2019appui pour travailler les&hellip; <a class=\"more-link\" href=\"https:\/\/apedys35.org\/index.php\/prise-en-charge-les-professionnels-de-sante-pour-quoi-faire\/prise-en-charge-le-psychologue-clinicien-et-le-neuropsychologue\/\">Continue reading <span class=\"screen-reader-text\">Prise en charge : Le psychologue clinicien et le neuropsychologue<\/span><\/a><\/p>\n","protected":false},"author":1,"featured_media":0,"parent":356,"menu_order":4,"comment_status":"closed","ping_status":"closed","template":"","meta":{"footnotes":""},"class_list":["post-372","page","type-page","status-publish","hentry","entry"],"_links":{"self":[{"href":"https:\/\/apedys35.org\/index.php\/wp-json\/wp\/v2\/pages\/372","targetHints":{"allow":["GET"]}}],"collection":[{"href":"https:\/\/apedys35.org\/index.php\/wp-json\/wp\/v2\/pages"}],"about":[{"href":"https:\/\/apedys35.org\/index.php\/wp-json\/wp\/v2\/types\/page"}],"author":[{"embeddable":true,"href":"https:\/\/apedys35.org\/index.php\/wp-json\/wp\/v2\/users\/1"}],"replies":[{"embeddable":true,"href":"https:\/\/apedys35.org\/index.php\/wp-json\/wp\/v2\/comments?post=372"}],"version-history":[{"count":1,"href":"https:\/\/apedys35.org\/index.php\/wp-json\/wp\/v2\/pages\/372\/revisions"}],"predecessor-version":[{"id":373,"href":"https:\/\/apedys35.org\/index.php\/wp-json\/wp\/v2\/pages\/372\/revisions\/373"}],"up":[{"embeddable":true,"href":"https:\/\/apedys35.org\/index.php\/wp-json\/wp\/v2\/pages\/356"}],"wp:attachment":[{"href":"https:\/\/apedys35.org\/index.php\/wp-json\/wp\/v2\/media?parent=372"}],"curies":[{"name":"wp","href":"https:\/\/api.w.org\/{rel}","templated":true}]}}