{"id":370,"date":"2022-04-15T19:08:26","date_gmt":"2022-04-15T17:08:26","guid":{"rendered":"http:\/\/apedys35.org\/?page_id=370"},"modified":"2022-04-15T19:08:26","modified_gmt":"2022-04-15T17:08:26","slug":"prise-en-charge-lorthoptiste","status":"publish","type":"page","link":"https:\/\/apedys35.org\/index.php\/prise-en-charge-les-professionnels-de-sante-pour-quoi-faire\/prise-en-charge-lorthoptiste\/","title":{"rendered":"Prise en charge : L\u2019orthoptiste"},"content":{"rendered":"\n<p><strong>L\u2019orthoptiste<\/strong><br>L\u2019orthoptiste est un professionnel qui d\u00e9piste et \u00e9value les capacit\u00e9s visuelles. En fonction des r\u00e9sultats du bilan, il r\u00e9\u00e9duque les troubles de la vision binoculaire et fonctionnelle et les dyspraxies visuo-spatiales pour restaurer une vision fonctionnelle.<\/p>\n\n\n\n<p>Parole d\u2019orthoptiste<\/p>\n\n\n\n<p><strong>Comment contacter les soignants ?<\/strong><br>Le contact se fait g\u00e9n\u00e9ralement directement par les pages jaunes, le bouche \u00e0 oreille.<\/p>\n\n\n\n<p><strong>Comment prendre rendez-vous ?<\/strong><br><strong>Un bilan ophtalmo est indispensable avant toute prise en charge<\/strong>. Les parents prennent rendez-vous d\u2019abord pour un bilan. Ils doivent \u00eatre munis d\u2019une prescription m\u00e9dicale pour un bilan orthoptique prescrit par l\u2019ophtalmologiste, le p\u00e9diatre ou le m\u00e9decin traitant. A la suite du bilan, l\u2019orthoptiste envoie un compte-rendu du bilan au m\u00e9decin prescripteur.<\/p>\n\n\n\n<p><strong>Quelles relations avec l\u2019\u00e9cole, le m\u00e9decin scolaire, l\u2019enseignement r\u00e9f\u00e9rent ?<\/strong><br>Il est parfois n\u00e9cessaire dans certains cas de faire des am\u00e9nagements \u00e0 l\u2019\u00e9cole, et l\u2019orthoptiste est alors en lien avec le m\u00e9decin scolaire puis l\u2019enseignant r\u00e9f\u00e9rent.<\/p>\n\n\n\n<p><strong>Quelles relations avec les diff\u00e9rents r\u00e9\u00e9ducateurs ?<\/strong><br>Il est indispensable d\u2019avoir un lien avec les autres r\u00e9\u00e9ducateurs, pour savoir \u00e0 quel moment il est le plus judicieux d\u2019entamer une prise en charge orthoptique en cas de trouble.<\/p>\n","protected":false},"excerpt":{"rendered":"<p>L\u2019orthoptisteL\u2019orthoptiste est un professionnel qui d\u00e9piste et \u00e9value les capacit\u00e9s visuelles. En fonction des r\u00e9sultats du bilan, il r\u00e9\u00e9duque les troubles de la vision binoculaire et fonctionnelle et les dyspraxies&hellip; <a class=\"more-link\" href=\"https:\/\/apedys35.org\/index.php\/prise-en-charge-les-professionnels-de-sante-pour-quoi-faire\/prise-en-charge-lorthoptiste\/\">Continue reading <span class=\"screen-reader-text\">Prise en charge : L\u2019orthoptiste<\/span><\/a><\/p>\n","protected":false},"author":1,"featured_media":0,"parent":356,"menu_order":3,"comment_status":"closed","ping_status":"closed","template":"","meta":{"footnotes":""},"class_list":["post-370","page","type-page","status-publish","hentry","entry"],"_links":{"self":[{"href":"https:\/\/apedys35.org\/index.php\/wp-json\/wp\/v2\/pages\/370","targetHints":{"allow":["GET"]}}],"collection":[{"href":"https:\/\/apedys35.org\/index.php\/wp-json\/wp\/v2\/pages"}],"about":[{"href":"https:\/\/apedys35.org\/index.php\/wp-json\/wp\/v2\/types\/page"}],"author":[{"embeddable":true,"href":"https:\/\/apedys35.org\/index.php\/wp-json\/wp\/v2\/users\/1"}],"replies":[{"embeddable":true,"href":"https:\/\/apedys35.org\/index.php\/wp-json\/wp\/v2\/comments?post=370"}],"version-history":[{"count":1,"href":"https:\/\/apedys35.org\/index.php\/wp-json\/wp\/v2\/pages\/370\/revisions"}],"predecessor-version":[{"id":371,"href":"https:\/\/apedys35.org\/index.php\/wp-json\/wp\/v2\/pages\/370\/revisions\/371"}],"up":[{"embeddable":true,"href":"https:\/\/apedys35.org\/index.php\/wp-json\/wp\/v2\/pages\/356"}],"wp:attachment":[{"href":"https:\/\/apedys35.org\/index.php\/wp-json\/wp\/v2\/media?parent=370"}],"curies":[{"name":"wp","href":"https:\/\/api.w.org\/{rel}","templated":true}]}}