{"id":220,"date":"2022-04-13T15:33:06","date_gmt":"2022-04-13T13:33:06","guid":{"rendered":"http:\/\/apedys35.org\/?page_id=220"},"modified":"2022-04-13T15:35:14","modified_gmt":"2022-04-13T13:35:14","slug":"dys-et-troubles-associes-pour-conclure","status":"publish","type":"page","link":"https:\/\/apedys35.org\/index.php\/les-troubles-specifiques-du-langage-et-des-apprentissages-tsla\/dys-et-troubles-associes-pour-conclure\/","title":{"rendered":"DYS et troubles associ\u00e9s : Pour&nbsp;conclure"},"content":{"rendered":"\n<p><strong>A regarder<\/strong><\/p>\n\n\n\n<p>Le Dr Olivier Revol, P\u00e9dopsychiatre, il dirige le service de neuropsychiatrie de l\u2019enfant \u00e0 l\u2019H\u00f4pital neurologique au CHU de Lyon et enseigne \u00e0 l\u2019universit\u00e9 Lyon. Il a \u00e9t\u00e9 l\u2019un des premiers p\u00e9dopsychiatres \u00e0 travailler sur les \u00abtroubles Sp\u00e9cifiques des Apprentissages\u00bb.<br><a rel=\"noreferrer noopener\" href=\"https:\/\/www.youtube.com\/watch?v=xBRIobom-eo\" target=\"_blank\">https:\/\/www.youtube.com\/watch?v=xBRIobom-eo<\/a><\/p>\n\n\n\n<p>C\u2019est pas sorcier \u00ab les troubles dys \u00bb, un grand classique.<br><a rel=\"noreferrer noopener\" href=\"https:\/\/www.youtube.com\/watch?v=7jaeNhjz2rQ\" target=\"_blank\">https:\/\/www.youtube.com\/watch?v=7jaeNhjz2rQ<\/a><\/p>\n\n\n\n<p><\/p>\n","protected":false},"excerpt":{"rendered":"<p>A regarder Le Dr Olivier Revol, P\u00e9dopsychiatre, il dirige le service de neuropsychiatrie de l\u2019enfant \u00e0 l\u2019H\u00f4pital neurologique au CHU de Lyon et enseigne \u00e0 l\u2019universit\u00e9 Lyon. Il a \u00e9t\u00e9&hellip; <a class=\"more-link\" href=\"https:\/\/apedys35.org\/index.php\/les-troubles-specifiques-du-langage-et-des-apprentissages-tsla\/dys-et-troubles-associes-pour-conclure\/\">Continue reading <span class=\"screen-reader-text\">DYS et troubles associ\u00e9s : Pour&nbsp;conclure<\/span><\/a><\/p>\n","protected":false},"author":1,"featured_media":0,"parent":184,"menu_order":10,"comment_status":"closed","ping_status":"closed","template":"","meta":{"footnotes":""},"class_list":["post-220","page","type-page","status-publish","hentry","entry"],"_links":{"self":[{"href":"https:\/\/apedys35.org\/index.php\/wp-json\/wp\/v2\/pages\/220","targetHints":{"allow":["GET"]}}],"collection":[{"href":"https:\/\/apedys35.org\/index.php\/wp-json\/wp\/v2\/pages"}],"about":[{"href":"https:\/\/apedys35.org\/index.php\/wp-json\/wp\/v2\/types\/page"}],"author":[{"embeddable":true,"href":"https:\/\/apedys35.org\/index.php\/wp-json\/wp\/v2\/users\/1"}],"replies":[{"embeddable":true,"href":"https:\/\/apedys35.org\/index.php\/wp-json\/wp\/v2\/comments?post=220"}],"version-history":[{"count":2,"href":"https:\/\/apedys35.org\/index.php\/wp-json\/wp\/v2\/pages\/220\/revisions"}],"predecessor-version":[{"id":222,"href":"https:\/\/apedys35.org\/index.php\/wp-json\/wp\/v2\/pages\/220\/revisions\/222"}],"up":[{"embeddable":true,"href":"https:\/\/apedys35.org\/index.php\/wp-json\/wp\/v2\/pages\/184"}],"wp:attachment":[{"href":"https:\/\/apedys35.org\/index.php\/wp-json\/wp\/v2\/media?parent=220"}],"curies":[{"name":"wp","href":"https:\/\/api.w.org\/{rel}","templated":true}]}}