{"id":2,"date":"2022-04-12T19:21:31","date_gmt":"2022-04-12T17:21:31","guid":{"rendered":"http:\/\/apedys35.org\/?page_id=2"},"modified":"2025-12-31T15:57:51","modified_gmt":"2025-12-31T14:57:51","slug":"page-d-exemple","status":"publish","type":"page","link":"https:\/\/apedys35.org\/index.php\/page-d-exemple\/","title":{"rendered":"Adh\u00e9sion"},"content":{"rendered":"\n<p>Soyez inform\u00e9s pour mieux accompagner vos enfants DYS, vous m\u00eame\u2026 Vous pouvez adh\u00e9rer \u00e0 l\u2019association en cliquant directement sur le lien ci-dessous. Autre possibilit\u00e9, t\u00e9l\u00e9charger le bulletin d\u2019adh\u00e9sion et nous renvoyer votre demande.<\/p>\n\n\n\n<div class=\"wp-block-buttons is-content-justification-space-between is-layout-flex wp-container-core-buttons-is-layout-3d213aab wp-block-buttons-is-layout-flex\">\n<div class=\"wp-block-button is-style-outline is-style-outline--1\"><a class=\"wp-block-button__link has-red-background-color has-background wp-element-button\" href=\"https:\/\/www.helloasso.com\/associations\/aapedys35\/adhesions\/bulletin-adhesion-2026\">Adh\u00e9sion en ligne<\/a><\/div>\n\n\n\n<div class=\"wp-block-button is-style-outline is-style-outline--2\"><a class=\"wp-block-button__link has-red-background-color has-background wp-element-button\" href=\"https:\/\/apedys35.org\/wp-content\/uploads\/2024\/03\/Bulletin-dadhesion-2024-1.pdf\" target=\"_blank\" rel=\"noreferrer noopener\">Adh\u00e9sion papier<\/a><\/div>\n<\/div>\n\n\n\n<p><a _msttexthash=\"2756494\" _msthash=\"176\" href=\"https:\/\/apedys35.org\/\" data-type=\"link\" data-id=\"https:\/\/apedys35.org\/\">Retour \u00e0 la page d\u2019accueil<\/a><\/p>\n","protected":false},"excerpt":{"rendered":"<p>Soyez inform\u00e9s pour mieux accompagner vos enfants DYS, vous m\u00eame\u2026 Vous pouvez adh\u00e9rer \u00e0 l\u2019association en cliquant directement sur le lien ci-dessous. Autre possibilit\u00e9, t\u00e9l\u00e9charger le bulletin d\u2019adh\u00e9sion et nous&hellip; <a class=\"more-link\" href=\"https:\/\/apedys35.org\/index.php\/page-d-exemple\/\">Continue reading <span class=\"screen-reader-text\">Adh\u00e9sion<\/span><\/a><\/p>\n","protected":false},"author":1,"featured_media":0,"parent":0,"menu_order":0,"comment_status":"closed","ping_status":"open","template":"","meta":{"footnotes":""},"class_list":["post-2","page","type-page","status-publish","hentry","entry"],"_links":{"self":[{"href":"https:\/\/apedys35.org\/index.php\/wp-json\/wp\/v2\/pages\/2","targetHints":{"allow":["GET"]}}],"collection":[{"href":"https:\/\/apedys35.org\/index.php\/wp-json\/wp\/v2\/pages"}],"about":[{"href":"https:\/\/apedys35.org\/index.php\/wp-json\/wp\/v2\/types\/page"}],"author":[{"embeddable":true,"href":"https:\/\/apedys35.org\/index.php\/wp-json\/wp\/v2\/users\/1"}],"replies":[{"embeddable":true,"href":"https:\/\/apedys35.org\/index.php\/wp-json\/wp\/v2\/comments?post=2"}],"version-history":[{"count":11,"href":"https:\/\/apedys35.org\/index.php\/wp-json\/wp\/v2\/pages\/2\/revisions"}],"predecessor-version":[{"id":1257,"href":"https:\/\/apedys35.org\/index.php\/wp-json\/wp\/v2\/pages\/2\/revisions\/1257"}],"wp:attachment":[{"href":"https:\/\/apedys35.org\/index.php\/wp-json\/wp\/v2\/media?parent=2"}],"curies":[{"name":"wp","href":"https:\/\/api.w.org\/{rel}","templated":true}]}}